65 - -2?
21623600
In base 16, what is 79a2 - -ed?
7a8f
In base 15, what is 1 + 1b2d8e?
1b2d90
In base 15, what is 2360c + -2a1?
2335b
In base 13, what is -68 - 244a21?
-244a89
In base 15, what is 4 - -d6bd32?
d6bd36
In base 13, what is -54b8c - 4c9?
-55388
In base 5, what is 4011240 + -3000?
4003240
In base 16, what is 12fbda2 + 3?
12fbda5
In base 5, what is 14104440 - 321?
14104114
In base 7, what is -122054 - -132023?
6636
In base 4, what is -3 + -233301011302?
-233301011311
In base 2, what is -11001010 + 1001010001100100?
1001001110011010
In base 11, what is -761400a + -3?
-7614012
In base 11, what is 0 - 27201?
-27201
In base 5, what is -11403 - -1240244?
1223341
In base 6, what is 11115 - 155155?
-144040
In base 3, what is -1202202 + -2121002120?
-2122212022
In base 14, what is 3 + -d75cca?
-d75cc7
In base 5, what is 103 + -133313142?
-133313034
In base 9, what is 8623075 + -3?
8623072
In base 6, what is 31533532 + -5?
31533523
In base 13, what is -99 - b220?
-b2b9
In base 2, what is -1111110000 - -110010010001000?
110000010011000
In base 11, what is -137a2 - -16a32?
3240
In base 6, what is 5251214231 - 4?
5251214223
In base 5, what is -30400424 + 333?
-30400041
In base 14, what is 4 + 104b798a?
104b7990
In base 5, what is 4404 - 114240?
-104331
In base 3, what is -10100 + -121200221111200?
-121200221122000
In base 14, what is 6a5ada24 + 3?
6a5ada27
In base 6, what is 22020 + 5500?
31520
In base 6, what is -11 + -515215342?
-515215353
In base 15, what is 12 - -3e9247?
3e9259
In base 12, what is 11268 - -4b?
112b7
In base 7, what is 141005 + 13?
141021
In base 12, what is -b3 - -42243?
42150
In base 4, what is -111 - -132210120313?
132210120202
In base 14, what is -492 + -2db?
-78d
In base 2, what is -1001101 + -100001011100011001?
-100001011101100110
In base 2, what is 101000000 + -110111110100011010?
-110111101111011010
In base 6, what is -312131 + 3?
-312124
In base 11, what is -3018a6603 + -5?
-3018a6608
In base 15, what is -113a + -282?
-13bc
In base 4, what is 101101200313 - -3?
101101200322
In base 12, what is 1a + 10372a?
103748
In base 14, what is 4944 - -a43?
5587
In base 5, what is -24044 + -200121402?
-200201001
In base 7, what is -3 + 26645664?
26645661
In base 15, what is -33a7641 - 2?
-33a7643
In base 14, what is -3db1b1 + 8?
-3db1a7
In base 4, what is 33 - -101101031133?
101101031232
In base 3, what is 10 - 21020110010101?
-21020110010021
In base 10, what is -3 + -1648735?
-1648738
In base 7, what is 201605250 - 1?
201605246
In base 16, what is -716 - e9e?
-15b4
In base 3, what is -10012100220201 - -22?
-10012100220102
In base 13, what is -170 - -298c?
281c
In base 8, what is 33150 + 33055?
66225
In base 14, what is -7ab03 - cb?
-7abd0
In base 12, what is -35b962 - 5?
-35b967
In base 16, what is 1839f151 - 1?
1839f150
In base 12, what is -247b136 + -5?
-247b13b
In base 10, what is -7746924 + 0?
-7746924
In base 2, what is 0 + -11000010010001111010100111?
-11000010010001111010100111
In base 6, what is -11011521 + 101?
-11011420
In base 16, what is -431a7a + 2?
-431a78
In base 6, what is 1132 - -1255254?
1300430
In base 5, what is 2223401432 - 4?
2223401423
In base 2, what is 101101 + -101011101011010000111010?
-101011101011010000001101
In base 12, what is -3420020 + -75?
-3420095
In base 2, what is -100000000010011111101 - 1?
-100000000010011111110
In base 2, what is 100010010101 - -101010100101010101?
101011000111101010
In base 15, what is eac503 + 3?
eac506
In base 8, what is 31061 - 22051?
7010
In base 12, what is -5779 - -1684?
-40b5
In base 6, what is -5430 - -1252325?
1242455
In base 2, what is -11001101000 + 111010100010111?
110111010101111
In base 5, what is 314341 + -211044?
103242
In base 11, what is -1128 + -6610?
-7738
In base 10, what is -166971 + 104?
-166867
In base 10, what is 2 + 2093079?
2093081
In base 9, what is 4 + -17000686?
-17000682
In base 2, what is -11110010 - -110001101000?
101101110110
In base 15, what is -3 - -1236da8?
1236da5
In base 15, what is 0 - b7ba09?
-b7ba09
In base 16, what is -7133 + -23a3?
-94d6
In base 12, what is 2bbbb901 + 5?
2bbbb906
In base 6, what is -1 - 1522124522?
-1522124523
In base 9, what is -185 + -30745?
-31041
In base 4, what is -1013012 - 132101?
-1211113
In base 11, what is 37187 - 34?
37153
In base 12, what is 1082246 - -1?
1082247
In base 4, what is 30003 - 2120103?
-2030100
In base 9, what is -5 - -32777352?
32777346
In base 14, what is -2064 + -17b0?
-3834
In base 9, what is -5 + -1263278?
-1263284
In base 14, what is 52179b - 31?
52176a
In base 14, what is -9db9a7 + 2?
-9db9a5
In base 8, what is -3030670535 + -2?
-3030670537
In base 6, what is 2 - 212343304?
-212343302
In base 4, what is 10121221112 - -121?
10121221233
In base 9, what is -53588072 - -2?
-53588070
In base 7, what is 3243642 - -4?
3243646
In base 12, what is a9 + -2b53a7b?
-2b53992
In base 2, what is 10101101100110 - 110001101101010?
-11100000000100
In base 6, what is -1044351 - -12432?
-1031515
In base 7, what is 56005200 - -3?
56005203
In base 4, what is -3 - 3131132320031?
-3131132320100
In base 9, what is 50885 + -338?
50546
In base 14, what is -3d89b3 - -a?
-3d89a7
In base 14, what is 83c53 + -417?
8383a
In base 11, what is 8 + 5a9496?
5a94a3
In base 14, what is c008d + 6?
c0095
In base 2, what is 1000100 - -111100100001110001111?
111100100001111010011
In base 15, what is -25d884 - 5?
-25d889
In base 5, what is -2 - 42332401244?
-42332401301
In base 12, what is b7012b3 - 4?
b7012ab
In base 3, what is 221222212020 - -2200?
221222221220
In base 8, what is 470 + 233501?
234171
In base 11, what is -288665 - 208?
-288872
In base 7, what is -450056624 - -6?
-450056615
In base 16, what is a613fd + -4?
a613f9
In base 15, what is -17c8a - c?
-17c97
In base 4, what is -310200 + -2111332?
-3022132
In base 9, what is -178 - 28774?
-30063
In base 3, what is 1 + -202120121220111101?
-202120121220111100
In base 16, what is -29 + 2fb50c?
2fb4e3
In base 15, what is -65 + 475c53?
475bdd
In base 11, what is -1573 - -292?
-1291
In base 16, what is 31e - 56225?
-55f07
In base 2, what is -110011000111011011110100 + 1000?
-110011000111011011101100
In base 11, what is 94 - -857384?
857468
In base 14, what is 7 - -1865dbac?
1865dbb5
In base 8, what is 117 + -153641?
-153522
In base 6, what is 3121 - -20552?
24113
In base 14, what is -4033 + -97d?
-49b2
In base 4, what is -112101123300031 + -1?
-112101123300032
In base 12, what is -253a707 + 5?
-253a702
In base 2, what is 110101100101100010001101101100 - -101?
110101100101100010001101110001
In base 5, what is 11243131 + 214?
11243400
In base 7, what is 5 - -145134322?
145134330
In base 9, what is 1 + 170605771?
170605772
In base 5, what is -32140200 + -432?
-32141132
In base 13, what is 22107573 - 0?
22107573
In base 14, what is -12 + 37988d?
37987b
In base 11, what is -3 + -4568a27?
-4568a2a
In base 7, what is -4 - 2236610350?
-2236610354
In base 15, what is ce6 + -39d7?
-2be1
In base 2, what is 111 - 11000011110101001?
-11000011110100010
In base 6, what is 2 - 1004411?
-1004405
In base 2, what is 1101 + -100000100100110011100?
-100000100100110001111
In base 7, what is -3 + -125166543?
-125166546
In base 6, what is 32452042 - 25?
32452013
In base 5, what is 1030404 + 4040?
1034444
In base 5, what is -23212110321 - 0?
-23212110321
In base 15, what is -25c31e + -1?
-25c320
In base 12, what is -11 - 42b201?
-42b212
In base 9, what is 868174 + -168?
868005
In base 4, what is 23 + -110210230113?
-110210230030
In base 11, what is 22057 + -351?
21806
In base 7, what is 30641 + 105446?
136420
In base 14, what is -1288b6 - 33?
-128909
In base 8, what is -1 + -130054437?
-130054440
In base 9, what is 13250843 - 30?
13250813
In base 16, what is 2361 + 39b?
26fc
In base 16, what is -21 - 22111e?
-22113f
In base 4, what is -3 - 231031220223?
-231031220232
In base 10, what is 1 + -19100492?
-19100491
In base 10, what is 8 + 17857440?
17857448
In base 11, what is -17447 + 2790?
-14767
In base 9, what is 705681 + -423?
705257
In base 2, what is -100100001 + -1010010010111001011001?
-1010010010111101111010
In base 8, what is 44264723 + 1?
44264724
In base 4, what is 203310121110 + 1?
203310121111
In base 5, what is 22 - -1210331322?
1210331344
In base 16, what is 3d89 + 8148?
bed